[INFO] cloning repository https://github.com/rbalicki2/smithy_itunes_search
[INFO] running `Command { std: "git" "-c" "credential.helper=" "-c" "credential.helper=/workspace/cargo-home/bin/git-credential-null" "clone" "--bare" "https://github.com/rbalicki2/smithy_itunes_search" "/workspace/cache/git-repos/https%3A%2F%2Fgithub.com%2Frbalicki2%2Fsmithy_itunes_search", kill_on_drop: false }`
[INFO] [stderr] Cloning into bare repository '/workspace/cache/git-repos/https%3A%2F%2Fgithub.com%2Frbalicki2%2Fsmithy_itunes_search'...
[INFO] running `Command { std: "git" "rev-parse" "HEAD", kill_on_drop: false }`
[INFO] [stdout] 0c3ede4ad225e2c1a13434ba97667f1fc3fdb42b
[INFO] building rbalicki2/smithy_itunes_search against master#ff34b919075f35a1787659e9c448a34b06bab8de for issue-85264
[INFO] running `Command { std: "git" "clone" "/workspace/cache/git-repos/https%3A%2F%2Fgithub.com%2Frbalicki2%2Fsmithy_itunes_search" "/workspace/builds/worker-0/source", kill_on_drop: false }`
[INFO] [stderr] Cloning into '/workspace/builds/worker-0/source'...
[INFO] [stderr] done.
[INFO] validating manifest of git repo https://github.com/rbalicki2/smithy_itunes_search on toolchain ff34b919075f35a1787659e9c448a34b06bab8de
[INFO] running `Command { std: "/workspace/cargo-home/bin/cargo" "+ff34b919075f35a1787659e9c448a34b06bab8de" "metadata" "--manifest-path" "Cargo.toml" "--no-deps", kill_on_drop: false }`
[INFO] started tweaking git repo https://github.com/rbalicki2/smithy_itunes_search
[INFO] finished tweaking git repo https://github.com/rbalicki2/smithy_itunes_search
[INFO] tweaked toml for git repo https://github.com/rbalicki2/smithy_itunes_search written to /workspace/builds/worker-0/source/Cargo.toml
[INFO] crate git repo https://github.com/rbalicki2/smithy_itunes_search already has a lockfile, it will not be regenerated
[INFO] running `Command { std: "/workspace/cargo-home/bin/cargo" "+ff34b919075f35a1787659e9c448a34b06bab8de" "fetch" "--manifest-path" "Cargo.toml", kill_on_drop: false }`
[INFO] [stderr] warning: Found `debug_assertions` in `target.'cfg(...)'.dependencies`. This value is not supported for selecting dependencies and will not work as expected. To learn more visit https://doc.rust-lang.org/cargo/reference/specifying-dependencies.html#platform-specific-dependencies
[INFO] [stderr]  Downloading crates ...
[INFO] [stderr]   Downloaded smithy_core v0.0.6
[INFO] [stderr]   Downloaded wasm-bindgen-test v0.2.48
[INFO] [stderr]   Downloaded wee_alloc v0.4.4
[INFO] [stderr]   Downloaded smithy v0.0.6
[INFO] [stderr]   Downloaded smd_macro v0.0.6
[INFO] [stderr]   Downloaded smithy_types v0.0.6
[INFO] [stderr]   Downloaded wasm-bindgen-test-macro v0.2.48
[INFO] running `Command { std: "docker" "create" "-v" "/var/lib/crater-agent-workspace/builds/worker-0/target:/opt/rustwide/target:rw,Z" "-v" "/var/lib/crater-agent-workspace/builds/worker-0/source:/opt/rustwide/workdir:ro,Z" "-v" "/var/lib/crater-agent-workspace/cargo-home:/opt/rustwide/cargo-home:ro,Z" "-v" "/var/lib/crater-agent-workspace/rustup-home:/opt/rustwide/rustup-home:ro,Z" "-e" "SOURCE_DIR=/opt/rustwide/workdir" "-e" "CARGO_TARGET_DIR=/opt/rustwide/target" "-e" "CARGO_HOME=/opt/rustwide/cargo-home" "-e" "RUSTUP_HOME=/opt/rustwide/rustup-home" "-w" "/opt/rustwide/workdir" "-m" "1610612736" "--user" "0:0" "--network" "none" "ghcr.io/rust-lang/crates-build-env/linux@sha256:20528e8c29e4536546f0102ce88568b16ea7538393a33fcca951030f7af10457" "/opt/rustwide/cargo-home/bin/cargo" "+ff34b919075f35a1787659e9c448a34b06bab8de" "metadata" "--no-deps" "--format-version=1", kill_on_drop: false }`
[INFO] [stdout] 2467bf038895aa48381e1fd002f2608cbe9bd84b145fa631e1103b2ef1b68cec
[INFO] [stderr] WARNING: Your kernel does not support swap limit capabilities or the cgroup is not mounted. Memory limited without swap.
[INFO] running `Command { std: "docker" "start" "-a" "2467bf038895aa48381e1fd002f2608cbe9bd84b145fa631e1103b2ef1b68cec", kill_on_drop: false }`
[INFO] running `Command { std: "docker" "inspect" "2467bf038895aa48381e1fd002f2608cbe9bd84b145fa631e1103b2ef1b68cec", kill_on_drop: false }`
[INFO] running `Command { std: "docker" "rm" "-f" "2467bf038895aa48381e1fd002f2608cbe9bd84b145fa631e1103b2ef1b68cec", kill_on_drop: false }`
[INFO] [stdout] 2467bf038895aa48381e1fd002f2608cbe9bd84b145fa631e1103b2ef1b68cec
[INFO] running `Command { std: "docker" "create" "-v" "/var/lib/crater-agent-workspace/builds/worker-0/target:/opt/rustwide/target:rw,Z" "-v" "/var/lib/crater-agent-workspace/builds/worker-0/source:/opt/rustwide/workdir:ro,Z" "-v" "/var/lib/crater-agent-workspace/cargo-home:/opt/rustwide/cargo-home:ro,Z" "-v" "/var/lib/crater-agent-workspace/rustup-home:/opt/rustwide/rustup-home:ro,Z" "-e" "SOURCE_DIR=/opt/rustwide/workdir" "-e" "CARGO_TARGET_DIR=/opt/rustwide/target" "-e" "CARGO_INCREMENTAL=0" "-e" "RUST_BACKTRACE=full" "-e" "RUSTFLAGS=--cap-lints=forbid" "-e" "CARGO_HOME=/opt/rustwide/cargo-home" "-e" "RUSTUP_HOME=/opt/rustwide/rustup-home" "-w" "/opt/rustwide/workdir" "-m" "1610612736" "--user" "0:0" "--network" "none" "ghcr.io/rust-lang/crates-build-env/linux@sha256:20528e8c29e4536546f0102ce88568b16ea7538393a33fcca951030f7af10457" "/opt/rustwide/cargo-home/bin/cargo" "+ff34b919075f35a1787659e9c448a34b06bab8de" "build" "--frozen" "--message-format=json", kill_on_drop: false }`
[INFO] [stdout] 75188ef963d08e56a7f95779c775602f2d2b8b29e57a1bc62cb340d9c45346fe
[INFO] [stderr] WARNING: Your kernel does not support swap limit capabilities or the cgroup is not mounted. Memory limited without swap.
[INFO] running `Command { std: "docker" "start" "-a" "75188ef963d08e56a7f95779c775602f2d2b8b29e57a1bc62cb340d9c45346fe", kill_on_drop: false }`
[INFO] [stderr] warning: Found `debug_assertions` in `target.'cfg(...)'.dependencies`. This value is not supported for selecting dependencies and will not work as expected. To learn more visit https://doc.rust-lang.org/cargo/reference/specifying-dependencies.html#platform-specific-dependencies
[INFO] [stderr]    Compiling proc-macro2 v0.4.30
[INFO] [stderr]    Compiling wasm-bindgen-shared v0.2.48
[INFO] [stderr]    Compiling bumpalo v2.5.0
[INFO] [stderr]    Compiling lazy_static v1.3.0
[INFO] [stderr]    Compiling libc v0.2.60
[INFO] [stderr]    Compiling cc v1.0.38
[INFO] [stderr]    Compiling memchr v2.2.1
[INFO] [stderr]    Compiling serde v1.0.98
[INFO] [stderr]    Compiling ryu v1.0.0
[INFO] [stderr]    Compiling wasm-bindgen v0.2.48
[INFO] [stderr]    Compiling rustc-demangle v0.1.15
[INFO] [stderr]    Compiling itoa v0.4.4
[INFO] [stderr]    Compiling unicode-segmentation v1.3.0
[INFO] [stderr]    Compiling futures v0.1.28
[INFO] [stderr]    Compiling custom_derive v0.1.7
[INFO] [stderr]    Compiling enum_derive v0.1.7
[INFO] [stderr]    Compiling wee_alloc v0.4.4
[INFO] [stderr]    Compiling void v1.0.2
[INFO] [stderr]    Compiling memory_units v0.4.0
[INFO] [stderr]    Compiling log v0.4.8
[INFO] [stderr]    Compiling unreachable v1.0.0
[INFO] [stderr]    Compiling heck v0.3.1
[INFO] [stderr]    Compiling nom v4.2.3
[INFO] [stderr]    Compiling backtrace-sys v0.1.31
[INFO] [stderr]    Compiling quote v0.6.13
[INFO] [stderr]    Compiling syn v0.15.42
[INFO] [stderr]    Compiling weedle v0.10.0
[INFO] [stderr]    Compiling backtrace v0.3.33
[INFO] [stderr]    Compiling serde_json v1.0.40
[INFO] [stderr]    Compiling wasm-bindgen-backend v0.2.48
[INFO] [stderr]    Compiling synstructure v0.10.2
[INFO] [stderr]    Compiling wasm-bindgen-macro-support v0.2.48
[INFO] [stderr]    Compiling failure_derive v0.1.5
[INFO] [stderr]    Compiling serde_derive v1.0.98
[INFO] [stderr]    Compiling failure v0.1.5
[INFO] [stderr]    Compiling wasm-bindgen-webidl v0.2.48
[INFO] [stderr]    Compiling wasm-bindgen-macro v0.2.48
[INFO] [stderr]    Compiling js-sys v0.3.25
[INFO] [stderr]    Compiling console_error_panic_hook v0.1.6
[INFO] [stderr]    Compiling web-sys v0.3.25
[INFO] [stderr]    Compiling wasm-bindgen-futures v0.3.25
[INFO] [stderr]    Compiling smithy_types v0.0.6
[INFO] [stderr]    Compiling smd_macro v0.0.6
[INFO] [stderr]    Compiling smithy_core v0.0.6
[INFO] [stderr]    Compiling smithy v0.0.6
[INFO] [stderr]    Compiling smithy_itunes_search v0.1.0 (/opt/rustwide/workdir)
[INFO] [stdout] error[E0425]: cannot find value `rest` in this scope
[INFO] [stdout]   --> src/app.rs:27:3
[INFO] [stdout]    |
[INFO] [stdout] 27 | /   smd!(
[INFO] [stdout] 28 | |     on_hash_change={|_| {
[INFO] [stdout] 29 | |       page.handle_hash_change();
[INFO] [stdout] 30 | |       detail_api_call_opt = page.get_detail_api_call();
[INFO] [stdout] ...  |
[INFO] [stdout] 41 | |     </div>
[INFO] [stdout] 42 | |   )
[INFO] [stdout]    | |___^ not found in this scope
[INFO] [stdout]    |
[INFO] [stdout]    = note: this error originates in a macro (in Nightly builds, run with -Z macro-backtrace for more info)
[INFO] [stdout] 
[INFO] [stdout] 
[INFO] [stdout] error[E0425]: cannot find value `rest` in this scope
[INFO] [stdout]   --> src/app.rs:49:3
[INFO] [stdout]    |
[INFO] [stdout] 49 | /   smd!(
[INFO] [stdout] 50 | |     <h1>
[INFO] [stdout] 51 | |       Smithy iTunes music search
[INFO] [stdout] 52 | |       <div><small class="text-muted">Search for your favorite artists and songs</small></div>
[INFO] [stdout] ...  |
[INFO] [stdout] 86 | |     }
[INFO] [stdout] 87 | |   )
[INFO] [stdout]    | |___^ not found in this scope
[INFO] [stdout]    |
[INFO] [stdout]    = note: this error originates in a macro (in Nightly builds, run with -Z macro-backtrace for more info)
[INFO] [stdout] 
[INFO] [stdout] 
[INFO] [stdout] error[E0425]: cannot find value `rest` in this scope
[INFO] [stdout]    --> src/app.rs:104:9
[INFO] [stdout]     |
[INFO] [stdout] 104 | /         smd!(
[INFO] [stdout] 105 | |           <a
[INFO] [stdout] 106 | |             href
[INFO] [stdout] 107 | |             on_click={|e: &web_sys::MouseEvent| {
[INFO] [stdout] ...   |
[INFO] [stdout] 117 | |           </a>
[INFO] [stdout] 118 | |         )
[INFO] [stdout]     | |_________^ not found in this scope
[INFO] [stdout]     |
[INFO] [stdout]     = note: this error originates in a macro (in Nightly builds, run with -Z macro-backtrace for more info)
[INFO] [stdout] 
[INFO] [stdout] 
[INFO] [stdout] error[E0425]: cannot find value `rest` in this scope
[INFO] [stdout]    --> src/app.rs:100:19
[INFO] [stdout]     |
[INFO] [stdout] 100 |     let mut inner = smd!({
[INFO] [stdout]     |  ___________________^
[INFO] [stdout] 101 | |     let results = crate::util::clone_and_zip(results.iter_mut(), &mut go_to_detail_view);
[INFO] [stdout] 102 | |     &mut results
[INFO] [stdout] 103 | |       .map(|(result, mut go_to_detail_view)| {
[INFO] [stdout] ...   |
[INFO] [stdout] 120 | |       .collect::<Vec<SmithyComponent>>()
[INFO] [stdout] 121 | |   });
[INFO] [stdout]     | |____^ not found in this scope
[INFO] [stdout]     |
[INFO] [stdout]     = note: this error originates in a macro (in Nightly builds, run with -Z macro-backtrace for more info)
[INFO] [stdout] 
[INFO] [stdout] 
[INFO] [stdout] error[E0425]: cannot find value `rest` in this scope
[INFO] [stdout]    --> src/app.rs:104:9
[INFO] [stdout]     |
[INFO] [stdout] 104 | /         smd!(
[INFO] [stdout] 105 | |           <a
[INFO] [stdout] 106 | |             href
[INFO] [stdout] 107 | |             on_click={|e: &web_sys::MouseEvent| {
[INFO] [stdout] ...   |
[INFO] [stdout] 117 | |           </a>
[INFO] [stdout] 118 | |         )
[INFO] [stdout]     | |_________^ not found in this scope
[INFO] [stdout]     |
[INFO] [stdout]     = note: this error originates in a macro (in Nightly builds, run with -Z macro-backtrace for more info)
[INFO] [stdout] 
[INFO] [stdout] 
[INFO] [stdout] error[E0425]: cannot find value `rest` in this scope
[INFO] [stdout]    --> src/app.rs:104:9
[INFO] [stdout]     |
[INFO] [stdout] 104 | /         smd!(
[INFO] [stdout] 105 | |           <a
[INFO] [stdout] 106 | |             href
[INFO] [stdout] 107 | |             on_click={|e: &web_sys::MouseEvent| {
[INFO] [stdout] ...   |
[INFO] [stdout] 117 | |           </a>
[INFO] [stdout] 118 | |         )
[INFO] [stdout]     | |_________^ not found in this scope
[INFO] [stdout]     |
[INFO] [stdout]     = note: this error originates in a macro (in Nightly builds, run with -Z macro-backtrace for more info)
[INFO] [stdout] 
[INFO] [stdout] 
[INFO] [stdout] error[E0425]: cannot find value `rest` in this scope
[INFO] [stdout]    --> src/app.rs:104:9
[INFO] [stdout]     |
[INFO] [stdout] 104 | /         smd!(
[INFO] [stdout] 105 | |           <a
[INFO] [stdout] 106 | |             href
[INFO] [stdout] 107 | |             on_click={|e: &web_sys::MouseEvent| {
[INFO] [stdout] ...   |
[INFO] [stdout] 117 | |           </a>
[INFO] [stdout] 118 | |         )
[INFO] [stdout]     | |_________^ not found in this scope
[INFO] [stdout]     |
[INFO] [stdout]     = note: this error originates in a macro (in Nightly builds, run with -Z macro-backtrace for more info)
[INFO] [stdout] 
[INFO] [stdout] 
[INFO] [stdout] error[E0425]: cannot find value `rest` in this scope
[INFO] [stdout]    --> src/app.rs:104:9
[INFO] [stdout]     |
[INFO] [stdout] 104 | /         smd!(
[INFO] [stdout] 105 | |           <a
[INFO] [stdout] 106 | |             href
[INFO] [stdout] 107 | |             on_click={|e: &web_sys::MouseEvent| {
[INFO] [stdout] ...   |
[INFO] [stdout] 117 | |           </a>
[INFO] [stdout] 118 | |         )
[INFO] [stdout]     | |_________^ not found in this scope
[INFO] [stdout]     |
[INFO] [stdout]     = note: this error originates in a macro (in Nightly builds, run with -Z macro-backtrace for more info)
[INFO] [stdout] 
[INFO] [stdout] 
[INFO] [stdout] error[E0425]: cannot find value `rest` in this scope
[INFO] [stdout]    --> src/app.rs:123:3
[INFO] [stdout]     |
[INFO] [stdout] 123 | /   smd!(
[INFO] [stdout] 124 | |     <p class="lead">Found { result_count }{' '}results</p>
[INFO] [stdout] 125 | |     <ul>
[INFO] [stdout] 126 | |       { &mut inner }
[INFO] [stdout] 127 | |     </ul>
[INFO] [stdout] 128 | |   )
[INFO] [stdout]     | |___^ not found in this scope
[INFO] [stdout]     |
[INFO] [stdout]     = note: this error originates in a macro (in Nightly builds, run with -Z macro-backtrace for more info)
[INFO] [stdout] 
[INFO] [stdout] 
[INFO] [stdout] error[E0425]: cannot find value `rest` in this scope
[INFO] [stdout]    --> src/app.rs:140:11
[INFO] [stdout]     |
[INFO] [stdout] 140 | /           smd!(
[INFO] [stdout] 141 | |             {
[INFO] [stdout] 142 | |               match &mut *detail_api_call.borrow_mut() {
[INFO] [stdout] 143 | |                 PromiseState::Success(search_results) => {
[INFO] [stdout] ...   |
[INFO] [stdout] 154 | |             }
[INFO] [stdout] 155 | |           ),
[INFO] [stdout]     | |___________^ not found in this scope
[INFO] [stdout]     |
[INFO] [stdout]     = note: this error originates in a macro (in Nightly builds, run with -Z macro-backtrace for more info)
[INFO] [stdout] 
[INFO] [stdout] 
[INFO] [stdout] error[E0425]: cannot find value `rest` in this scope
[INFO] [stdout]    --> src/app.rs:136:3
[INFO] [stdout]     |
[INFO] [stdout] 136 | /   smd!(
[INFO] [stdout] 137 | |     {
[INFO] [stdout] 138 | |       match detail_api_call_opt {
[INFO] [stdout] 139 | |         Some(detail_api_call) =>
[INFO] [stdout] ...   |
[INFO] [stdout] 163 | |     }}>Back to search</a>
[INFO] [stdout] 164 | |   )
[INFO] [stdout]     | |___^ not found in this scope
[INFO] [stdout]     |
[INFO] [stdout]     = note: this error originates in a macro (in Nightly builds, run with -Z macro-backtrace for more info)
[INFO] [stdout] 
[INFO] [stdout] 
[INFO] [stdout] error[E0425]: cannot find value `rest` in this scope
[INFO] [stdout]    --> src/app.rs:140:11
[INFO] [stdout]     |
[INFO] [stdout] 140 | /           smd!(
[INFO] [stdout] 141 | |             {
[INFO] [stdout] 142 | |               match &mut *detail_api_call.borrow_mut() {
[INFO] [stdout] 143 | |                 PromiseState::Success(search_results) => {
[INFO] [stdout] ...   |
[INFO] [stdout] 154 | |             }
[INFO] [stdout] 155 | |           ),
[INFO] [stdout]     | |___________^ not found in this scope
[INFO] [stdout]     |
[INFO] [stdout]     = note: this error originates in a macro (in Nightly builds, run with -Z macro-backtrace for more info)
[INFO] [stdout] 
[INFO] [stdout] 
[INFO] [stdout] error[E0425]: cannot find value `rest` in this scope
[INFO] [stdout]    --> src/app.rs:140:11
[INFO] [stdout]     |
[INFO] [stdout] 140 | /           smd!(
[INFO] [stdout] 141 | |             {
[INFO] [stdout] 142 | |               match &mut *detail_api_call.borrow_mut() {
[INFO] [stdout] 143 | |                 PromiseState::Success(search_results) => {
[INFO] [stdout] ...   |
[INFO] [stdout] 154 | |             }
[INFO] [stdout] 155 | |           ),
[INFO] [stdout]     | |___________^ not found in this scope
[INFO] [stdout]     |
[INFO] [stdout]     = note: this error originates in a macro (in Nightly builds, run with -Z macro-backtrace for more info)
[INFO] [stdout] 
[INFO] [stdout] 
[INFO] [stdout] error[E0425]: cannot find value `rest` in this scope
[INFO] [stdout]    --> src/app.rs:140:11
[INFO] [stdout]     |
[INFO] [stdout] 140 | /           smd!(
[INFO] [stdout] 141 | |             {
[INFO] [stdout] 142 | |               match &mut *detail_api_call.borrow_mut() {
[INFO] [stdout] 143 | |                 PromiseState::Success(search_results) => {
[INFO] [stdout] ...   |
[INFO] [stdout] 154 | |             }
[INFO] [stdout] 155 | |           ),
[INFO] [stdout]     | |___________^ not found in this scope
[INFO] [stdout]     |
[INFO] [stdout]     = note: this error originates in a macro (in Nightly builds, run with -Z macro-backtrace for more info)
[INFO] [stdout] 
[INFO] [stdout] 
[INFO] [stdout] error[E0425]: cannot find value `rest` in this scope
[INFO] [stdout]    --> src/app.rs:140:11
[INFO] [stdout]     |
[INFO] [stdout] 140 | /           smd!(
[INFO] [stdout] 141 | |             {
[INFO] [stdout] 142 | |               match &mut *detail_api_call.borrow_mut() {
[INFO] [stdout] 143 | |                 PromiseState::Success(search_results) => {
[INFO] [stdout] ...   |
[INFO] [stdout] 154 | |             }
[INFO] [stdout] 155 | |           ),
[INFO] [stdout]     | |___________^ not found in this scope
[INFO] [stdout]     |
[INFO] [stdout]     = note: this error originates in a macro (in Nightly builds, run with -Z macro-backtrace for more info)
[INFO] [stdout] 
[INFO] [stdout] 
[INFO] [stdout] error[E0425]: cannot find value `rest` in this scope
[INFO] [stdout]    --> src/app.rs:178:45
[INFO] [stdout]     |
[INFO] [stdout] 178 |         item.collection_name.as_ref().map(|s| smd!(
[INFO] [stdout]     |  _____________________________________________^
[INFO] [stdout] 179 | |         <div>
[INFO] [stdout] 180 | |           <b>Album:</b>{' '}{ s }
[INFO] [stdout] 181 | |         </div>
[INFO] [stdout] 182 | |       ))
[INFO] [stdout]     | |_______^ not found in this scope
[INFO] [stdout]     |
[INFO] [stdout]     = note: this error originates in a macro (in Nightly builds, run with -Z macro-backtrace for more info)
[INFO] [stdout] 
[INFO] [stdout] 
[INFO] [stdout] error[E0425]: cannot find value `rest` in this scope
[INFO] [stdout]    --> src/app.rs:168:3
[INFO] [stdout]     |
[INFO] [stdout] 168 | /   smd!(
[INFO] [stdout] 169 | |     <h1>{
[INFO] [stdout] 170 | |       &mut item.track_name.as_ref().unwrap_or(&"Unknown track".to_string())
[INFO] [stdout] 171 | |     }{' '}by { &mut item.artist_name }</h1>
[INFO] [stdout] ...   |
[INFO] [stdout] 183 | |     }
[INFO] [stdout] 184 | |   )
[INFO] [stdout]     | |___^ not found in this scope
[INFO] [stdout]     |
[INFO] [stdout]     = note: this error originates in a macro (in Nightly builds, run with -Z macro-backtrace for more info)
[INFO] [stdout] 
[INFO] [stdout] 
[INFO] [stdout] error[E0425]: cannot find value `rest` in this scope
[INFO] [stdout]    --> src/app.rs:178:45
[INFO] [stdout]     |
[INFO] [stdout] 178 |         item.collection_name.as_ref().map(|s| smd!(
[INFO] [stdout]     |  _____________________________________________^
[INFO] [stdout] 179 | |         <div>
[INFO] [stdout] 180 | |           <b>Album:</b>{' '}{ s }
[INFO] [stdout] 181 | |         </div>
[INFO] [stdout] 182 | |       ))
[INFO] [stdout]     | |_______^ not found in this scope
[INFO] [stdout]     |
[INFO] [stdout]     = note: this error originates in a macro (in Nightly builds, run with -Z macro-backtrace for more info)
[INFO] [stdout] 
[INFO] [stdout] 
[INFO] [stdout] error[E0425]: cannot find value `rest` in this scope
[INFO] [stdout]    --> src/app.rs:178:45
[INFO] [stdout]     |
[INFO] [stdout] 178 |         item.collection_name.as_ref().map(|s| smd!(
[INFO] [stdout]     |  _____________________________________________^
[INFO] [stdout] 179 | |         <div>
[INFO] [stdout] 180 | |           <b>Album:</b>{' '}{ s }
[INFO] [stdout] 181 | |         </div>
[INFO] [stdout] 182 | |       ))
[INFO] [stdout]     | |_______^ not found in this scope
[INFO] [stdout]     |
[INFO] [stdout]     = note: this error originates in a macro (in Nightly builds, run with -Z macro-backtrace for more info)
[INFO] [stdout] 
[INFO] [stdout] 
[INFO] [stdout] error[E0425]: cannot find value `rest` in this scope
[INFO] [stdout]    --> src/app.rs:178:45
[INFO] [stdout]     |
[INFO] [stdout] 178 |         item.collection_name.as_ref().map(|s| smd!(
[INFO] [stdout]     |  _____________________________________________^
[INFO] [stdout] 179 | |         <div>
[INFO] [stdout] 180 | |           <b>Album:</b>{' '}{ s }
[INFO] [stdout] 181 | |         </div>
[INFO] [stdout] 182 | |       ))
[INFO] [stdout]     | |_______^ not found in this scope
[INFO] [stdout]     |
[INFO] [stdout]     = note: this error originates in a macro (in Nightly builds, run with -Z macro-backtrace for more info)
[INFO] [stdout] 
[INFO] [stdout] 
[INFO] [stdout] error[E0425]: cannot find value `rest` in this scope
[INFO] [stdout]    --> src/app.rs:178:45
[INFO] [stdout]     |
[INFO] [stdout] 178 |         item.collection_name.as_ref().map(|s| smd!(
[INFO] [stdout]     |  _____________________________________________^
[INFO] [stdout] 179 | |         <div>
[INFO] [stdout] 180 | |           <b>Album:</b>{' '}{ s }
[INFO] [stdout] 181 | |         </div>
[INFO] [stdout] 182 | |       ))
[INFO] [stdout]     | |_______^ not found in this scope
[INFO] [stdout]     |
[INFO] [stdout]     = note: this error originates in a macro (in Nightly builds, run with -Z macro-backtrace for more info)
[INFO] [stdout] 
[INFO] [stdout] 
[INFO] [stdout] error[E0425]: cannot find value `rest` in this scope
[INFO] [stdout]    --> src/app.rs:196:3
[INFO] [stdout]     |
[INFO] [stdout] 196 | /   smd!(
[INFO] [stdout] 197 | |     <link
[INFO] [stdout] 198 | |       rel="stylesheet"
[INFO] [stdout] 199 | |       href="https://stackpath.bootstrapcdn.com/bootstrap/4.3.1/css/bootstrap.min.css"
[INFO] [stdout] ...   |
[INFO] [stdout] 206 | |     "}</style>
[INFO] [stdout] 207 | |   )
[INFO] [stdout]     | |___^ not found in this scope
[INFO] [stdout]     |
[INFO] [stdout]     = note: this error originates in a macro (in Nightly builds, run with -Z macro-backtrace for more info)
[INFO] [stdout] 
[INFO] [stdout] 
[INFO] [stdout] error[E0658]: half-open range patterns are unstable
[INFO] [stdout]   --> src/app.rs:27:3
[INFO] [stdout]    |
[INFO] [stdout] 27 | /   smd!(
[INFO] [stdout] 28 | |     on_hash_change={|_| {
[INFO] [stdout] 29 | |       page.handle_hash_change();
[INFO] [stdout] 30 | |       detail_api_call_opt = page.get_detail_api_call();
[INFO] [stdout] ...  |
[INFO] [stdout] 41 | |     </div>
[INFO] [stdout] 42 | |   )
[INFO] [stdout]    | |___^
[INFO] [stdout]    |
[INFO] [stdout]    = note: see issue #67264 <https://github.com/rust-lang/rust/issues/67264> for more information
[INFO] [stdout]    = help: add `#![feature(half_open_range_patterns)]` to the crate attributes to enable
[INFO] [stdout]    = note: this error originates in a macro (in Nightly builds, run with -Z macro-backtrace for more info)
[INFO] [stdout] 
[INFO] [stdout] 
[INFO] [stdout] error[E0658]: half-open range patterns are unstable
[INFO] [stdout]   --> src/app.rs:49:3
[INFO] [stdout]    |
[INFO] [stdout] 49 | /   smd!(
[INFO] [stdout] 50 | |     <h1>
[INFO] [stdout] 51 | |       Smithy iTunes music search
[INFO] [stdout] 52 | |       <div><small class="text-muted">Search for your favorite artists and songs</small></div>
[INFO] [stdout] ...  |
[INFO] [stdout] 86 | |     }
[INFO] [stdout] 87 | |   )
[INFO] [stdout]    | |___^
[INFO] [stdout]    |
[INFO] [stdout]    = note: see issue #67264 <https://github.com/rust-lang/rust/issues/67264> for more information
[INFO] [stdout]    = help: add `#![feature(half_open_range_patterns)]` to the crate attributes to enable
[INFO] [stdout]    = note: this error originates in a macro (in Nightly builds, run with -Z macro-backtrace for more info)
[INFO] [stdout] 
[INFO] [stdout] 
[INFO] [stdout] error[E0658]: half-open range patterns are unstable
[INFO] [stdout]    --> src/app.rs:100:19
[INFO] [stdout]     |
[INFO] [stdout] 100 |     let mut inner = smd!({
[INFO] [stdout]     |  ___________________^
[INFO] [stdout] 101 | |     let results = crate::util::clone_and_zip(results.iter_mut(), &mut go_to_detail_view);
[INFO] [stdout] 102 | |     &mut results
[INFO] [stdout] 103 | |       .map(|(result, mut go_to_detail_view)| {
[INFO] [stdout] ...   |
[INFO] [stdout] 120 | |       .collect::<Vec<SmithyComponent>>()
[INFO] [stdout] 121 | |   });
[INFO] [stdout]     | |____^
[INFO] [stdout]     |
[INFO] [stdout]     = note: see issue #67264 <https://github.com/rust-lang/rust/issues/67264> for more information
[INFO] [stdout]     = help: add `#![feature(half_open_range_patterns)]` to the crate attributes to enable
[INFO] [stdout]     = note: this error originates in a macro (in Nightly builds, run with -Z macro-backtrace for more info)
[INFO] [stdout] 
[INFO] [stdout] 
[INFO] [stdout] error[E0658]: half-open range patterns are unstable
[INFO] [stdout]    --> src/app.rs:104:9
[INFO] [stdout]     |
[INFO] [stdout] 104 | /         smd!(
[INFO] [stdout] 105 | |           <a
[INFO] [stdout] 106 | |             href
[INFO] [stdout] 107 | |             on_click={|e: &web_sys::MouseEvent| {
[INFO] [stdout] ...   |
[INFO] [stdout] 117 | |           </a>
[INFO] [stdout] 118 | |         )
[INFO] [stdout]     | |_________^
[INFO] [stdout]     |
[INFO] [stdout]     = note: see issue #67264 <https://github.com/rust-lang/rust/issues/67264> for more information
[INFO] [stdout]     = help: add `#![feature(half_open_range_patterns)]` to the crate attributes to enable
[INFO] [stdout]     = note: this error originates in a macro (in Nightly builds, run with -Z macro-backtrace for more info)
[INFO] [stdout] 
[INFO] [stdout] 
[INFO] [stdout] error[E0658]: half-open range patterns are unstable
[INFO] [stdout]    --> src/app.rs:104:9
[INFO] [stdout]     |
[INFO] [stdout] 104 | /         smd!(
[INFO] [stdout] 105 | |           <a
[INFO] [stdout] 106 | |             href
[INFO] [stdout] 107 | |             on_click={|e: &web_sys::MouseEvent| {
[INFO] [stdout] ...   |
[INFO] [stdout] 117 | |           </a>
[INFO] [stdout] 118 | |         )
[INFO] [stdout]     | |_________^
[INFO] [stdout]     |
[INFO] [stdout]     = note: see issue #67264 <https://github.com/rust-lang/rust/issues/67264> for more information
[INFO] [stdout]     = help: add `#![feature(half_open_range_patterns)]` to the crate attributes to enable
[INFO] [stdout]     = note: this error originates in a macro (in Nightly builds, run with -Z macro-backtrace for more info)
[INFO] [stdout] 
[INFO] [stdout] 
[INFO] [stdout] error[E0658]: half-open range patterns are unstable
[INFO] [stdout]    --> src/app.rs:104:9
[INFO] [stdout]     |
[INFO] [stdout] 104 | /         smd!(
[INFO] [stdout] 105 | |           <a
[INFO] [stdout] 106 | |             href
[INFO] [stdout] 107 | |             on_click={|e: &web_sys::MouseEvent| {
[INFO] [stdout] ...   |
[INFO] [stdout] 117 | |           </a>
[INFO] [stdout] 118 | |         )
[INFO] [stdout]     | |_________^
[INFO] [stdout]     |
[INFO] [stdout]     = note: see issue #67264 <https://github.com/rust-lang/rust/issues/67264> for more information
[INFO] [stdout]     = help: add `#![feature(half_open_range_patterns)]` to the crate attributes to enable
[INFO] [stdout]     = note: this error originates in a macro (in Nightly builds, run with -Z macro-backtrace for more info)
[INFO] [stdout] 
[INFO] [stdout] 
[INFO] [stdout] error[E0658]: half-open range patterns are unstable
[INFO] [stdout]    --> src/app.rs:104:9
[INFO] [stdout]     |
[INFO] [stdout] 104 | /         smd!(
[INFO] [stdout] 105 | |           <a
[INFO] [stdout] 106 | |             href
[INFO] [stdout] 107 | |             on_click={|e: &web_sys::MouseEvent| {
[INFO] [stdout] ...   |
[INFO] [stdout] 117 | |           </a>
[INFO] [stdout] 118 | |         )
[INFO] [stdout]     | |_________^
[INFO] [stdout]     |
[INFO] [stdout]     = note: see issue #67264 <https://github.com/rust-lang/rust/issues/67264> for more information
[INFO] [stdout]     = help: add `#![feature(half_open_range_patterns)]` to the crate attributes to enable
[INFO] [stdout]     = note: this error originates in a macro (in Nightly builds, run with -Z macro-backtrace for more info)
[INFO] [stdout] 
[INFO] [stdout] 
[INFO] [stdout] error[E0658]: half-open range patterns are unstable
[INFO] [stdout]    --> src/app.rs:104:9
[INFO] [stdout]     |
[INFO] [stdout] 104 | /         smd!(
[INFO] [stdout] 105 | |           <a
[INFO] [stdout] 106 | |             href
[INFO] [stdout] 107 | |             on_click={|e: &web_sys::MouseEvent| {
[INFO] [stdout] ...   |
[INFO] [stdout] 117 | |           </a>
[INFO] [stdout] 118 | |         )
[INFO] [stdout]     | |_________^
[INFO] [stdout]     |
[INFO] [stdout]     = note: see issue #67264 <https://github.com/rust-lang/rust/issues/67264> for more information
[INFO] [stdout]     = help: add `#![feature(half_open_range_patterns)]` to the crate attributes to enable
[INFO] [stdout]     = note: this error originates in a macro (in Nightly builds, run with -Z macro-backtrace for more info)
[INFO] [stdout] 
[INFO] [stdout] 
[INFO] [stdout] error[E0658]: half-open range patterns are unstable
[INFO] [stdout]    --> src/app.rs:123:3
[INFO] [stdout]     |
[INFO] [stdout] 123 | /   smd!(
[INFO] [stdout] 124 | |     <p class="lead">Found { result_count }{' '}results</p>
[INFO] [stdout] 125 | |     <ul>
[INFO] [stdout] 126 | |       { &mut inner }
[INFO] [stdout] 127 | |     </ul>
[INFO] [stdout] 128 | |   )
[INFO] [stdout]     | |___^
[INFO] [stdout]     |
[INFO] [stdout]     = note: see issue #67264 <https://github.com/rust-lang/rust/issues/67264> for more information
[INFO] [stdout]     = help: add `#![feature(half_open_range_patterns)]` to the crate attributes to enable
[INFO] [stdout]     = note: this error originates in a macro (in Nightly builds, run with -Z macro-backtrace for more info)
[INFO] [stdout] 
[INFO] [stdout] 
[INFO] [stdout] error[E0658]: half-open range patterns are unstable
[INFO] [stdout]    --> src/app.rs:136:3
[INFO] [stdout]     |
[INFO] [stdout] 136 | /   smd!(
[INFO] [stdout] 137 | |     {
[INFO] [stdout] 138 | |       match detail_api_call_opt {
[INFO] [stdout] 139 | |         Some(detail_api_call) =>
[INFO] [stdout] ...   |
[INFO] [stdout] 163 | |     }}>Back to search</a>
[INFO] [stdout] 164 | |   )
[INFO] [stdout]     | |___^
[INFO] [stdout]     |
[INFO] [stdout]     = note: see issue #67264 <https://github.com/rust-lang/rust/issues/67264> for more information
[INFO] [stdout]     = help: add `#![feature(half_open_range_patterns)]` to the crate attributes to enable
[INFO] [stdout]     = note: this error originates in a macro (in Nightly builds, run with -Z macro-backtrace for more info)
[INFO] [stdout] 
[INFO] [stdout] 
[INFO] [stdout] error[E0658]: half-open range patterns are unstable
[INFO] [stdout]    --> src/app.rs:140:11
[INFO] [stdout]     |
[INFO] [stdout] 140 | /           smd!(
[INFO] [stdout] 141 | |             {
[INFO] [stdout] 142 | |               match &mut *detail_api_call.borrow_mut() {
[INFO] [stdout] 143 | |                 PromiseState::Success(search_results) => {
[INFO] [stdout] ...   |
[INFO] [stdout] 154 | |             }
[INFO] [stdout] 155 | |           ),
[INFO] [stdout]     | |___________^
[INFO] [stdout]     |
[INFO] [stdout]     = note: see issue #67264 <https://github.com/rust-lang/rust/issues/67264> for more information
[INFO] [stdout]     = help: add `#![feature(half_open_range_patterns)]` to the crate attributes to enable
[INFO] [stdout]     = note: this error originates in a macro (in Nightly builds, run with -Z macro-backtrace for more info)
[INFO] [stdout] 
[INFO] [stdout] 
[INFO] [stdout] error[E0658]: half-open range patterns are unstable
[INFO] [stdout]    --> src/app.rs:140:11
[INFO] [stdout]     |
[INFO] [stdout] 140 | /           smd!(
[INFO] [stdout] 141 | |             {
[INFO] [stdout] 142 | |               match &mut *detail_api_call.borrow_mut() {
[INFO] [stdout] 143 | |                 PromiseState::Success(search_results) => {
[INFO] [stdout] ...   |
[INFO] [stdout] 154 | |             }
[INFO] [stdout] 155 | |           ),
[INFO] [stdout]     | |___________^
[INFO] [stdout]     |
[INFO] [stdout]     = note: see issue #67264 <https://github.com/rust-lang/rust/issues/67264> for more information
[INFO] [stdout]     = help: add `#![feature(half_open_range_patterns)]` to the crate attributes to enable
[INFO] [stdout]     = note: this error originates in a macro (in Nightly builds, run with -Z macro-backtrace for more info)
[INFO] [stdout] 
[INFO] [stdout] 
[INFO] [stdout] error[E0658]: half-open range patterns are unstable
[INFO] [stdout]    --> src/app.rs:140:11
[INFO] [stdout]     |
[INFO] [stdout] 140 | /           smd!(
[INFO] [stdout] 141 | |             {
[INFO] [stdout] 142 | |               match &mut *detail_api_call.borrow_mut() {
[INFO] [stdout] 143 | |                 PromiseState::Success(search_results) => {
[INFO] [stdout] ...   |
[INFO] [stdout] 154 | |             }
[INFO] [stdout] 155 | |           ),
[INFO] [stdout]     | |___________^
[INFO] [stdout]     |
[INFO] [stdout]     = note: see issue #67264 <https://github.com/rust-lang/rust/issues/67264> for more information
[INFO] [stdout]     = help: add `#![feature(half_open_range_patterns)]` to the crate attributes to enable
[INFO] [stdout]     = note: this error originates in a macro (in Nightly builds, run with -Z macro-backtrace for more info)
[INFO] [stdout] 
[INFO] [stdout] 
[INFO] [stdout] error[E0658]: half-open range patterns are unstable
[INFO] [stdout]    --> src/app.rs:140:11
[INFO] [stdout]     |
[INFO] [stdout] 140 | /           smd!(
[INFO] [stdout] 141 | |             {
[INFO] [stdout] 142 | |               match &mut *detail_api_call.borrow_mut() {
[INFO] [stdout] 143 | |                 PromiseState::Success(search_results) => {
[INFO] [stdout] ...   |
[INFO] [stdout] 154 | |             }
[INFO] [stdout] 155 | |           ),
[INFO] [stdout]     | |___________^
[INFO] [stdout]     |
[INFO] [stdout]     = note: see issue #67264 <https://github.com/rust-lang/rust/issues/67264> for more information
[INFO] [stdout]     = help: add `#![feature(half_open_range_patterns)]` to the crate attributes to enable
[INFO] [stdout]     = note: this error originates in a macro (in Nightly builds, run with -Z macro-backtrace for more info)
[INFO] [stdout] 
[INFO] [stdout] 
[INFO] [stdout] error[E0658]: half-open range patterns are unstable
[INFO] [stdout]    --> src/app.rs:140:11
[INFO] [stdout]     |
[INFO] [stdout] 140 | /           smd!(
[INFO] [stdout] 141 | |             {
[INFO] [stdout] 142 | |               match &mut *detail_api_call.borrow_mut() {
[INFO] [stdout] 143 | |                 PromiseState::Success(search_results) => {
[INFO] [stdout] ...   |
[INFO] [stdout] 154 | |             }
[INFO] [stdout] 155 | |           ),
[INFO] [stdout]     | |___________^
[INFO] [stdout]     |
[INFO] [stdout]     = note: see issue #67264 <https://github.com/rust-lang/rust/issues/67264> for more information
[INFO] [stdout]     = help: add `#![feature(half_open_range_patterns)]` to the crate attributes to enable
[INFO] [stdout]     = note: this error originates in a macro (in Nightly builds, run with -Z macro-backtrace for more info)
[INFO] [stdout] 
[INFO] [stdout] 
[INFO] [stdout] error[E0658]: half-open range patterns are unstable
[INFO] [stdout]    --> src/app.rs:168:3
[INFO] [stdout]     |
[INFO] [stdout] 168 | /   smd!(
[INFO] [stdout] 169 | |     <h1>{
[INFO] [stdout] 170 | |       &mut item.track_name.as_ref().unwrap_or(&"Unknown track".to_string())
[INFO] [stdout] 171 | |     }{' '}by { &mut item.artist_name }</h1>
[INFO] [stdout] ...   |
[INFO] [stdout] 183 | |     }
[INFO] [stdout] 184 | |   )
[INFO] [stdout]     | |___^
[INFO] [stdout]     |
[INFO] [stdout]     = note: see issue #67264 <https://github.com/rust-lang/rust/issues/67264> for more information
[INFO] [stdout]     = help: add `#![feature(half_open_range_patterns)]` to the crate attributes to enable
[INFO] [stdout]     = note: this error originates in a macro (in Nightly builds, run with -Z macro-backtrace for more info)
[INFO] [stdout] 
[INFO] [stdout] 
[INFO] [stdout] error[E0658]: half-open range patterns are unstable
[INFO] [stdout]    --> src/app.rs:178:45
[INFO] [stdout]     |
[INFO] [stdout] 178 |         item.collection_name.as_ref().map(|s| smd!(
[INFO] [stdout]     |  _____________________________________________^
[INFO] [stdout] 179 | |         <div>
[INFO] [stdout] 180 | |           <b>Album:</b>{' '}{ s }
[INFO] [stdout] 181 | |         </div>
[INFO] [stdout] 182 | |       ))
[INFO] [stdout]     | |_______^
[INFO] [stdout]     |
[INFO] [stdout]     = note: see issue #67264 <https://github.com/rust-lang/rust/issues/67264> for more information
[INFO] [stdout]     = help: add `#![feature(half_open_range_patterns)]` to the crate attributes to enable
[INFO] [stdout]     = note: this error originates in a macro (in Nightly builds, run with -Z macro-backtrace for more info)
[INFO] [stdout] 
[INFO] [stdout] 
[INFO] [stdout] error[E0658]: half-open range patterns are unstable
[INFO] [stdout]    --> src/app.rs:178:45
[INFO] [stdout]     |
[INFO] [stdout] 178 |         item.collection_name.as_ref().map(|s| smd!(
[INFO] [stdout]     |  _____________________________________________^
[INFO] [stdout] 179 | |         <div>
[INFO] [stdout] 180 | |           <b>Album:</b>{' '}{ s }
[INFO] [stdout] 181 | |         </div>
[INFO] [stdout] 182 | |       ))
[INFO] [stdout]     | |_______^
[INFO] [stdout]     |
[INFO] [stdout]     = note: see issue #67264 <https://github.com/rust-lang/rust/issues/67264> for more information
[INFO] [stdout]     = help: add `#![feature(half_open_range_patterns)]` to the crate attributes to enable
[INFO] [stdout]     = note: this error originates in a macro (in Nightly builds, run with -Z macro-backtrace for more info)
[INFO] [stdout] 
[INFO] [stdout] 
[INFO] [stdout] error[E0658]: half-open range patterns are unstable
[INFO] [stdout]    --> src/app.rs:178:45
[INFO] [stdout]     |
[INFO] [stdout] 178 |         item.collection_name.as_ref().map(|s| smd!(
[INFO] [stdout]     |  _____________________________________________^
[INFO] [stdout] 179 | |         <div>
[INFO] [stdout] 180 | |           <b>Album:</b>{' '}{ s }
[INFO] [stdout] 181 | |         </div>
[INFO] [stdout] 182 | |       ))
[INFO] [stdout]     | |_______^
[INFO] [stdout]     |
[INFO] [stdout]     = note: see issue #67264 <https://github.com/rust-lang/rust/issues/67264> for more information
[INFO] [stdout]     = help: add `#![feature(half_open_range_patterns)]` to the crate attributes to enable
[INFO] [stdout]     = note: this error originates in a macro (in Nightly builds, run with -Z macro-backtrace for more info)
[INFO] [stdout] 
[INFO] [stdout] 
[INFO] [stdout] error[E0658]: half-open range patterns are unstable
[INFO] [stdout]    --> src/app.rs:178:45
[INFO] [stdout]     |
[INFO] [stdout] 178 |         item.collection_name.as_ref().map(|s| smd!(
[INFO] [stdout]     |  _____________________________________________^
[INFO] [stdout] 179 | |         <div>
[INFO] [stdout] 180 | |           <b>Album:</b>{' '}{ s }
[INFO] [stdout] 181 | |         </div>
[INFO] [stdout] 182 | |       ))
[INFO] [stdout]     | |_______^
[INFO] [stdout]     |
[INFO] [stdout]     = note: see issue #67264 <https://github.com/rust-lang/rust/issues/67264> for more information
[INFO] [stdout]     = help: add `#![feature(half_open_range_patterns)]` to the crate attributes to enable
[INFO] [stdout]     = note: this error originates in a macro (in Nightly builds, run with -Z macro-backtrace for more info)
[INFO] [stdout] 
[INFO] [stdout] 
[INFO] [stdout] error[E0658]: half-open range patterns are unstable
[INFO] [stdout]    --> src/app.rs:178:45
[INFO] [stdout]     |
[INFO] [stdout] 178 |         item.collection_name.as_ref().map(|s| smd!(
[INFO] [stdout]     |  _____________________________________________^
[INFO] [stdout] 179 | |         <div>
[INFO] [stdout] 180 | |           <b>Album:</b>{' '}{ s }
[INFO] [stdout] 181 | |         </div>
[INFO] [stdout] 182 | |       ))
[INFO] [stdout]     | |_______^
[INFO] [stdout]     |
[INFO] [stdout]     = note: see issue #67264 <https://github.com/rust-lang/rust/issues/67264> for more information
[INFO] [stdout]     = help: add `#![feature(half_open_range_patterns)]` to the crate attributes to enable
[INFO] [stdout]     = note: this error originates in a macro (in Nightly builds, run with -Z macro-backtrace for more info)
[INFO] [stdout] 
[INFO] [stdout] 
[INFO] [stdout] error[E0658]: half-open range patterns are unstable
[INFO] [stdout]    --> src/app.rs:196:3
[INFO] [stdout]     |
[INFO] [stdout] 196 | /   smd!(
[INFO] [stdout] 197 | |     <link
[INFO] [stdout] 198 | |       rel="stylesheet"
[INFO] [stdout] 199 | |       href="https://stackpath.bootstrapcdn.com/bootstrap/4.3.1/css/bootstrap.min.css"
[INFO] [stdout] ...   |
[INFO] [stdout] 206 | |     "}</style>
[INFO] [stdout] 207 | |   )
[INFO] [stdout]     | |___^
[INFO] [stdout]     |
[INFO] [stdout]     = note: see issue #67264 <https://github.com/rust-lang/rust/issues/67264> for more information
[INFO] [stdout]     = help: add `#![feature(half_open_range_patterns)]` to the crate attributes to enable
[INFO] [stdout]     = note: this error originates in a macro (in Nightly builds, run with -Z macro-backtrace for more info)
[INFO] [stdout] 
[INFO] [stdout] 
[INFO] [stdout] warning: derive helper attribute is used before it is introduced
[INFO] [stdout]   --> src/types.rs:54:3
[INFO] [stdout]    |
[INFO] [stdout] 54 | #[serde(rename_all = "camelCase")]
[INFO] [stdout]    |   ^^^^^
[INFO] [stdout] 55 | #[derive(Debug, Serialize, Deserialize, Clone)]
[INFO] [stdout]    |                 --------- the attribute is introduced here
[INFO] [stdout]    |
[INFO] [stdout]    = note: `#[warn(legacy_derive_helpers)]` on by default
[INFO] [stdout]    = warning: this was previously accepted by the compiler but is being phased out; it will become a hard error in a future release!
[INFO] [stdout]    = note: for more information, see issue #79202 <https://github.com/rust-lang/rust/issues/79202>
[INFO] [stdout] 
[INFO] [stdout] 
[INFO] [stdout] warning: derive helper attribute is used before it is introduced
[INFO] [stdout]   --> src/types.rs:70:3
[INFO] [stdout]    |
[INFO] [stdout] 70 | #[serde(rename_all = "camelCase")]
[INFO] [stdout]    |   ^^^^^
[INFO] [stdout] 71 | #[derive(Debug, Serialize, Deserialize, Clone)]
[INFO] [stdout]    |                 --------- the attribute is introduced here
[INFO] [stdout]    |
[INFO] [stdout]    = warning: this was previously accepted by the compiler but is being phased out; it will become a hard error in a future release!
[INFO] [stdout]    = note: for more information, see issue #79202 <https://github.com/rust-lang/rust/issues/79202>
[INFO] [stdout] 
[INFO] [stdout] 
[INFO] [stdout] error: aborting due to 44 previous errors; 2 warnings emitted
[INFO] [stdout] 
[INFO] [stdout] 
[INFO] [stdout] Some errors have detailed explanations: E0425, E0658.
[INFO] [stdout] 
[INFO] [stdout] For more information about an error, try `rustc --explain E0425`.
[INFO] [stdout] 
[INFO] [stderr] error: could not compile `smithy_itunes_search`
[INFO] [stderr] 
[INFO] [stderr] To learn more, run the command again with --verbose.
[INFO] running `Command { std: "docker" "inspect" "75188ef963d08e56a7f95779c775602f2d2b8b29e57a1bc62cb340d9c45346fe", kill_on_drop: false }`
[INFO] running `Command { std: "docker" "rm" "-f" "75188ef963d08e56a7f95779c775602f2d2b8b29e57a1bc62cb340d9c45346fe", kill_on_drop: false }`
[INFO] [stdout] 75188ef963d08e56a7f95779c775602f2d2b8b29e57a1bc62cb340d9c45346fe
